divide 1027850?
True
Is 7 a factor of 736729?
True
Does 35 divide 147126?
False
Does 10 divide 732750?
True
Is 5 a factor of 2090192?
False
Is 22869 a multiple of 9?
True
Does 3 divide 5545284?
True
Does 152 divide 10336?
True
Does 93 divide 1413212?
False
Does 34 divide 171893?
False
Is 27 a factor of 121635?
True
Is 25396 a multiple of 17?
False
Is 1036273 a multiple of 762?
False
Is 816920 a multiple of 112?
False
Is 21 a factor of 5362581?
True
Is 200836 a multiple of 236?
True
Is 961664 a multiple of 88?
True
Is 784899 a multiple of 39?
False
Does 20 divide 30180?
True
Is 631752 a multiple of 66?
True
Is 1785464 a multiple of 8?
True
Does 18 divide 1652202?
True
Is 1275100 a multiple of 100?
True
Is 54412 a multiple of 61?
True
Is 6223996 a multiple of 1712?
False
Does 1151 divide 890854?
False
Is 68351 a multiple of 3?
False
Is 4997817 a multiple of 627?
True
Is 397334 a multiple of 204?
False
Does 455 divide 21829080?
True
Is 561 a factor of 9506923?
False
Is 140 a factor of 1102176?
False
Does 6 divide 974198?
False
Is 1133138 a multiple of 97?
False
Is 703910 a multiple of 65?
False
Is 59 a factor of 778151?
True
Does 25 divide 243843?
False
Does 28 divide 34048?
True
Is 18934032 a multiple of 24?
True
Is 990 a factor of 1709246?
False
Does 45 divide 33801416?
False
Is 15 a factor of 48196568?
False
Does 63 divide 5143194?
True
Is 4278744 a multiple of 204?
False
Is 349 a factor of 8023935?
False
Is 426 a factor of 90318?
False
Is 387 a factor of 460917?
True
Is 53 a factor of 527249?
False
Is 33 a factor of 1649207?
False
Is 11 a factor of 431024?
True
Is 25 a factor of 63625?
True
Is 219925 a multiple of 25?
True
Is 39172 a multiple of 28?
True
Is 452 a factor of 93674?
False
Is 776144 a multiple of 27?
False
Is 186815 a multiple of 112?
False
Does 74 divide 275798?
True
Does 9 divide 782636?
False
Is 319 a factor of 261132?
False
Does 49 divide 651896?
True
Is 8 a factor of 9971688?
True
Is 861137 a multiple of 743?
True
Is 4506879 a multiple of 13?
True
Is 50 a factor of 294800?
True
Does 14 divide 2886408?
True
Is 8018150 a multiple of 62?
True
Is 249624 a multiple of 6?
True
Does 22 divide 356607?
False
Is 8208 a multiple of 6?
True
Does 30 divide 1094758?
False
Is 540277 a multiple of 9?
False
Is 219987 a multiple of 311?
False
Is 129729 a multiple of 26?
False
Is 695617 a multiple of 949?
True
Does 472 divide 31509028?
False
Is 3375861 a multiple of 37?
False
Does 77 divide 125202?
True
Is 9 a factor of 2919759?
False
Is 632224 a multiple of 13?
False
Does 7 divide 7170043?
False
Is 707 a factor of 6744073?
True
Is 688989 a multiple of 49?
True
Does 110 divide 88440?
True
Does 149 divide 2679169?
True
Is 96 a factor of 3742372?
False
Is 5875153 a multiple of 99?
False
Is 1602864 a multiple of 2?
True
Does 3 divide 31989?
True
Is 4508500 a multiple of 160?
False
Is 2988418 a multiple of 5?
False
Is 15 a factor of 1942392?
False
Is 278032 a multiple of 71?
False
Is 55 a factor of 4022205?
True
Does 303 divide 174831?
True
Is 81 a factor of 4425?
False
Is 167067 a multiple of 18?
False
Is 671 a factor of 3356342?
True
Is 2056379 a multiple of 40?
False
Is 9088 a multiple of 32?
True
Is 189378 a multiple of 31?
False
Does 2 divide 23105?
False
Does 19 divide 8569494?
True
Is 218 a factor of 1932788?
True
Does 189 divide 1212435?
True
Does 39 divide 20090?
False
Is 117 a factor of 1064934?
True
Is 6 a factor of 1849458?
True
Does 3 divide 182994?
True
Is 1472800 a multiple of 56?
True
Does 47 divide 17391?
False
Is 35 a factor of 1578745?
True
Is 150814 a multiple of 104?
False
Is 8136012 a multiple of 186?
True
Is 74 a factor of 622044?
True
Is 204743 a multiple of 7?
True
Does 15 divide 256875?
True
Is 991323 a multiple of 43?
False
Is 71 a factor of 621654?
False
Does 20 divide 1058820?
True
Is 1197936 a multiple of 141?
True
Is 119 a factor of 1717765?
True
Is 31 a factor of 73873?
True
Is 363993 a multiple of 93?
False
Does 10 divide 10700?
True
Is 13 a factor of 1154003?
False
Is 7 a factor of 14749486?
False
Is 9 a factor of 378596?
False
Does 67 divide 251534?
False
Is 9 a factor of 438588?
True
Does 13 divide 113243?
True
Does 2 divide 107594?
True
Is 181 a factor of 2084758?
True
Is 376839 a multiple of 866?
False
Does 356 divide 227128?
True
Does 127 divide 773186?
False
Is 159238 a multiple of 504?
False
Does 322 divide 2452030?
True
Does 295 divide 691665?
False
Is 261 a factor of 335086?
False
Is 4662911 a multiple of 540?
False
Is 162 a factor of 440886?
False
Is 703416 a multiple of 318?
True
Is 37 a factor of 45621?
True
Is 1936 a factor of 10086560?
True
Is 10 a factor of 142848?
False
Is 414998 a multiple of 6?
False
Does 37 divide 78514?
True
Does 413 divide 905296?
True
Does 29 divide 177016?
True
Is 59 a factor of 1907848?
False
Does 436 divide 1474961?
False
Does 86 divide 356115?
False
Does 176 divide 1555747?
False
Does 139 divide 141502?
True
Is 1426380 a multiple of 10?
True
Does 201 divide 85856?
False
Is 97757 a multiple of 33?
False
Is 4 a factor of 761195?
False
Does 7 divide 40100?
False
Is 119 a factor of 3029383?
True
Does 120 divide 465420?
False
Is 10294752 a multiple of 584?
True
Is 1316498 a multiple of 9?
False
Does 7 divide 34086?
False
Does 686 divide 6099912?
True
Is 241965 a multiple of 95?
True
Is 57 a factor of 895231?
False
Does 29 divide 87206?
False
Is 238927 a multiple of 13?
True
Is 82404 a multiple of 109?
True
Is 17 a factor of 519214?
True
Does 13 divide 4412514?
False
Is 1992252 a multiple of 223?
False
Is 72 a factor of 431416?
False
Does 29 divide 4572720?
True
Is 597 a factor of 5153304?
True
Is 78167 a multiple of 61?
False
Is 1803915 a multiple of 15?
True
Does 159 divide 183327?
True
Is 4181562 a multiple of 99?
True
Does 582 divide 638459?
False
Is 332 a factor of 973766?
False
Is 278 a factor of 5164502?
False
Does 6 divide 119490?
True
Is 43 a factor of 202391?
False
Does 13 divide 704429?
False
Is 658 a factor of 1438833?
False
Does 27 divide 12594758?
False
Does 579 divide 12457782?
False
Is 8824077 a multiple of 674?
False
Is 21 a factor of 6997010?
False
Does 99 divide 146537?
False
Is 3140583 a multiple of 381?
True
Does 293 divide 590688?
True
Does 52 divide 136864?
True
Does 3 divide 43060?
False
Does 422 divide 135884?
True
Is 136 a factor of 159800?
True
Does 887 divide 5788568?
False
Is 27 a factor of 175412?
False
Is 831 a factor of 3528746?
False
Is 2076973 a multiple of 12?
False
Does 35 divide 253392?
False
Does 102 divide 2124864?
True
Does 60 divide 76057?
False
Is 41993 a multiple of 376?
False
Does 472 divide 622096?
True
Is 4352106 a multiple of 61?
True
Is 3280621 a multiple of 7?
False
Is 3 a factor of 255342?
True
Is 123370 a multiple of 10?
True
Is 108 a factor of 962064?
True
Is 569388 a multiple of 92?
True
Does 24 divide 159827?
False
Is 76080 a multiple of 6?
True
Is 149 a factor of 56322?
True
Does 295 divide 2062935?
True
Is 138850 a multiple of 12?
False
Is 240720 a multiple of 68?
True
Is 174 a factor of 722533?
False
Does 107 divide 331914?
True
Does 16 divide 974678?
False
Is 366760 a multiple of 106?
True
Does 98 divide 19404?
True
Is 5 a factor of 146990?
True
Is 70050 a multiple of 10?
True
Is 1088067 a multiple of 72?
False
Is 76 a factor of 250952?
True
Is 464 a factor of 96048?
True
Does 7 divide 8358?
True
Does 49 divide 49735?
True
Is 11 a factor of 2190749?
True
Is 32 a factor of 448804?
False
Is 52 a factor of 196976?
True
Is 255689 a multiple of 17?
False
Is 109 a factor of 3439391?
False
Is 16 a factor of 1827936?
True
Is 10 a factor of 2561320?
True
Does 12 divide 281112?
True
Is 164 a factor of 143938?
False
Is 65423 a multiple of 34?
False
Is 1924142 a multiple of 19?
False
Is 961839 a multiple of 105?
False
Is 21 a factor of 414624?
True
Is 93546 even?
True
Is 37 a factor of 13544220?
True
Is 18 a factor of 853218?
True
Does 5 divide 200101?
False
Does 246 divide 741232?
False
Is 68040 a multiple of 56?
True
Is 42 a factor of 7325442?
False
Is 112 a factor of 73024?
True
Is 44 a factor of 360932?
True
Does 8 divide 1751719?
False
Is 91 a factor of 708435?
True
Does 208 divide 1586376?
False
Is 39 a factor of 18681?
True
Is 17 a factor of 1031713?
True
Does 29 divide 292958?
True
Is 13 a factor of 729849?
False
Is 694